e t/(-70)*(-14)/(-4). Let g = a - 6. List the prime factors of g.
2
Let a(u) = 2*u**3 + 2*u**2 + 2. Suppose -g + 4*g = 0. Suppose 0 = -5*c - g + 10. What are the prime factors of a(c)?
2, 13
Let x(n) = 139*n + 3. Let t be x(2). Suppose 0 = 2*d - l - t, -4*d - 2*l + 0*l = -574. List the prime factors of d.
2, 71
Suppose 2*j + 8 = 0, -5*j - 10289 = -3*a + 2499. List the prime factors of a.
2, 7, 19
Suppose 207 = 6*i - 5217. What are the prime factors of i?
2, 113
Let c(x) = -9*x**2 + 3*x. Let v be c(4). Let k be (v/(-9))/((-1)/(-3)). Suppose 4*t - 4 = k. What are the prime factors of t?
2, 3
Suppose -13*l + 7 + 32 = 0. Let s(y) = 3*y + 3 + y**3 + y - 3*y**2 - 10. List the prime factors of s(l).
5
Let h(w) = -w**3 + 7*w**2 - 5*w + 1. Let z(b) = -b**3 - 11*b**2 - 9*b - 5. Let c be z(-10). Let r = 20 + c. What are the prime factors of h(r)?
2, 13
Let f(b) = 13*b + 2. What are the prime factors of f(36)?
2, 5, 47
Suppose 5*m = 9 - 29. Let c(q) = -q**3 - 5*q**2 - 5*q - 4. Let d be c(m). Suppose d = -l + 2*l - 9. What are the prime factors of l?
3
Let s(n) = n. Let m be s(3). Suppose 13 = 5*f - y, -15 = -m*f - 0*f + 3*y. List the prime factors of 0 + 0 + 32/f.
2
Let h(w) = 2*w**3 - 81*w**2 - 66*w - 27. List the prime factors of h(42).
3, 277
Let l = -124 + 169. List the prime factors of l.
3, 5
Suppose 5*d = -2*x + 13, 3*x + 7 = 5*d - 11. Suppose -5*g = -w - 102, 0 = -0*g + d*g - 4*w - 51. What are the prime factors of g?
3, 7
List the prime factors of 1*((9 - 7) + 2790).
2, 349
Suppose -3*q - 14029 = -4*r, -14030 = 20*r - 24*r + 2*q. What are the prime factors of r?
2, 877
Suppose 2*p = -4*n - 1 + 15, 5*p - 25 = -5*n. Suppose -82 = -p*a + z + z, 3*a - 72 = -3*z. List the prime factors of a.
2, 13
Let h(s) = -s**3 - 7*s**2 - 5*s + 8. Let w be h(-6). Let l(c) = c**w - 2 + 5*c + 10 - 11*c. What are the prime factors of l(6)?
2
Let y = 8 - -5. Let b = 5 - 3. Let u = b + y. What are the prime factors of u?
3, 5
Let h(u) = u**2 + 16*u - 201. What are the prime factors of h(32)?
3, 5, 89
Let i(f) = 62*f**2 + 3*f + 1. Let y be i(-1). Suppose 32*u - y = 31*u. List the prime factors of u.
2, 3, 5
Suppose -28*i + 22*i + 744 = 0. What are the prime factors of i?
2, 31
Let g = 1345 + -555. What are the prime factors of g?
2, 5, 79
Suppose 10 = -0*y - y. What are the prime factors of (-135)/y*((3 - 0) + -1)?
3
Let n(t) = -9*t + 502. What are the prime factors of n(27)?
7, 37
Let h be 6*1 + -8 + 7. Let f = -4 + 3. List the prime factors of -1 + h - (-2)/f.
2
Suppose -5*f - 3 = 2*l, -4*l = f + 3*f - 12. Suppose 7*x - l*x = 11. List the prime factors of x.
11
Suppose 3*c - 8 + 31 = 2*x, 5*c = -3*x - 13. Let d = c - -8. Suppose -d*p + 6*p - 9 = 0. List the prime factors of p.
3
Let c be 2/8 - 45/(-12). Suppose 6*z - 2*z = 4. Suppose -c = -w - z. What are the prime factors of w?
3
Let o(z) be the first derivative of 20*z + 1/3*z**3 - z**2 + 10. What are the prime factors of o(0)?
2, 5
Suppose 5*u - 41 + 9 = 4*o, 3*u - 3 = -3*o. Suppose u*l - 525 = 3*t - 2*t, 4*l - 5*t - 513 = 0. What are the prime factors of l?
2, 3, 11
Suppose -524*x + 1767 = -521*x. What are the prime factors of x?
19, 31
Suppose 2*l = 5*k - 6, -5*k = 5*l - 3*k + 15. Let y be -1*1*(0 + l). Suppose -n = -y*n + 6. What are the prime factors of n?
3
Let a = 990 + 2290. List the prime factors of a.
2, 5, 41
Let l be 1/3 - (-320)/30. Suppose -3*z + w - 6 = 0, -4*z - 5*w - l + 3 = 0. What are the prime factors of (z/6)/(11/(-1419))?
43
Let m = 2044 + -1016. List the prime factors of m.
2, 257
Suppose -4*r = -5*d + 2*d + 121, r = -4. What are the prime factors of (-6)/(-21) - (-515)/d?
3, 5
Suppose -5*z = 4*u - 61, -u - 2*u + 62 = 5*z. Suppose 2*s = -z + 59. List the prime factors of s.
23
Let a(t) = -583*t - 69. List the prime factors of a(-2).
1097
Suppose -5*y + 29 + 6 = 0. Let o = y - 5. Suppose p + 2 = o*p. What are the prime factors of p?
2
Let x = 51 - 18. What are the prime factors of x?
3, 11
Let f(v) = -3*v**2 - 39. Let y be f(-10). Let h = -107 - y. What are the prime factors of h?
2, 29
Let f(r) = r**3 - 2*r**2 - 7*r - 2. Let t = 25 + -20. List the prime factors of f(t).
2, 19
Let r(y) be the first derivative of y**3/3 + 5*y**2/2 + 9*y - 20. What are the prime factors of r(-5)?
3
Let t = 820 + -373. List the prime factors of t.
3, 149
List the prime factors of (-8939)/(-42)*6 + -2.
3, 5, 17
Let r(l) = -2*l**3 - 2*l**2 - 6*l - 12. What are the prime factors of r(-7)?
2, 3, 103
Let r = -76 - -86. Suppose r*j - 13*j = -585. What are the prime factors of j?
3, 5, 13
Suppose 3*u + u + 728 = 4*k, 4*k - 2*u - 730 = 0. Suppose 575 - k = 7*n. What are the prime factors of n?
2, 7
Let z be (((-216)/(-30))/2)/((-2)/(-5)). What are the prime factors of (366/z)/(12/54)?
3, 61
Suppose 0 = -152*v + 155*v + 207. Let u(n) = n - 35. Let b be u(0). Let k = b - v. List the prime factors of k.
2, 17
Suppose 295*u + 1512 = 299*u. What are the prime factors of u?
2, 3, 7
Suppose -756 = -5*t - 2*t. What are the prime factors of (-16)/(-40) + t/5?
2, 11
Let p(y) = -15*y**3 - 3*y**2 - 3*y - 2. List the prime factors of p(-3).
5, 7, 11
Let x be 231/49 + 4/14. Suppose -x*n = 29 - 159. Let w = n + -4. List the prime factors of w.
2, 11
Suppose -5*h = -3*o - 121, 0 = -h - 2*o + 12 + 7. Let x = h - 38. List the prime factors of x/5 + (17 - 0).
2, 7
Let b = 7 - 13. Let d be (6/(-9))/(2/b). Suppose f - d*s + 2 = 27, 5*s + 120 = 5*f. List the prime factors of f.
23
Suppose 520*o = 518*o + 1368. List the prime factors of o.
2, 3, 19
What are the prime factors of 1649 + 9/(-18)*16?
3, 547
Let p be (-4)/12*(-2 + 2 - 0). What are the prime factors of (-975)/(-13) - (4 - p)?
71
Suppose -100 = -5*n - z, -n + z - 4*z = -6. Let j(l) = 12*l**2 + 7*l + 5 - n*l - 13*l**2. What are the prime factors of j(-8)?
53
Let h(b) be the third derivative of 7*b**6/720 + b**5/40 - b**4/6 + 6*b**2. Let l(o) be the second derivative of h(o). List the prime factors of l(4).
31
Let f = 2196 + -893. What are the prime factors of f?
1303
Let n(m) = 20*m + 45. Let t(l) = -7*l - 15. Let o(f) = 6*n(f) + 17*t(f). Let j be o(-15). List the prime factors of 57/((j - 1) + 4).
19
Suppose -3*f = -2*d - 12 + 3, -3*f = -15. Suppose 7 = -d*w - 2, 0 = 4*i + w - 17. Suppose i - 89 = -4*g. List the prime factors of g.
3, 7
Let r = -410 - -753. What are the prime factors of r?
7
Let a = -124 - -293. Suppose -a = -13*g + 247. List the prime factors of g.
2
Let x be ((-64)/24)/((-4)/(-42)). Let b = x - -49. List the prime factors of b.
3, 7
Suppose 3*s - 165 = -3*q, s - 268 = -4*s + 2*q. What are the prime factors of -24*9/(s/(-8))?
2
What are the prime factors of 91 + (-6)/(5 - -1)?
2, 3, 5
Let b(m) = 10*m**2 - 3*m - 54. What are the prime factors of b(11)?
1123
Let p(y) = y. Let q(j) be the first derivative of -5*j**2/2 + 22*j - 8. Let b(k) = 6*p(k) + q(k). List the prime factors of b(-11).
11
Let o = 23 - 24. Let k(c) = c**2 + c. Let t be k(o). What are the prime factors of (t + -3 + 2)*-65?
5, 13
Suppose -3084 = -3*q + 5*j, 3*q + 6*j - j - 3114 = 0. List the prime factors of q.
1033
Let b(s) = 7*s**3 - s**2 - 3*s + 3. Let c be b(2). Suppose -3*q + 197 + c = 0. List the prime factors of q.
2, 41
Suppose 0 = -7*a + 7, 3*z - 632 + 187 = 5*a. What are the prime factors of z?
2, 3, 5
Let x = 41 - 40. Suppose 3*b + 4*q + 14 = 0, b + 0 = -3*q - 3. What are the prime factors of 48 + x*b/2?
3, 5
Suppose -7*m + 13291 = -8885. What are the prime factors of m?
2, 3, 11
Let b(l) = 134*l - 65. List the prime factors of b(8).
19, 53
Let w(i) be the third derivative of i**5/60 + 5*i**4/24 - i**3 + 21*i**2. List the prime factors of w(-14).
2, 3, 5
Let a(o) = 2*o**2 + 62*o - 65. List the prime factors of a(-42).
859
Let h(p) = 62*p**2 - 37*p - 47. What are the prime factors of h(-6)?
29, 83
Suppose -5*h = -c + 30, -2*c + 40 = -7*h + 2*h. Suppose 2*a = c - 0. Suppose -a*s - 3 + 13 = 0. What are the prime factors of s?
2
Suppose 3*g + 0 = -3. Let s(f) = 2173 - 2173 + 20*f**2 - f. What are the prime factors of s(g)?
3, 7
Suppose 4*a + 4*w - 2992 = 0, 0 = -5*a - 3*w + 8*w + 3790. List the prime factors of a.
3, 251
Let z(x) = -14*x - 50. Let u(p) = -5*p - 17. Let r(k) = 17*u(k) - 6*z(k). What are the prime factors of r(-8)?
19
Suppose -3*u + 18 + 14 = -4*f, 3*f + 4*u + 24 = 0. Let c = 1